7 - (33 - 46 - 25)?
-39
Evaluate 14 + 10 - (5 - -23).
-4
What is -1 - (-10 - (-2 - (13 + -6)))?
0
What is (5 - (17 + 0 + -7) - 1) + 14?
8
Calculate (-20 - (24 - 16)) + -2.
-30
Calculate -28 + 34 - (-2 - -11) - 7.
-10
What is the value of 19 - (-11 - -31) - (7 - -1)?
-9
Evaluate (-5 - -5) + (0 + -2 - (-15 - -16)).
-3
Evaluate (22 - -7 - 56) + 4.
-23
What is -19 + 28 + 0 + -6?
3
Calculate -4 + (4 - -8) - (3 + -1 + 3).
3
9 + (-8 - (-11 - -12)) + 13
13
What is the value of -1 + 1 + 25 + -20 - -4?
9
What is the value of -5 + (4 - (-8 - -10) - -10)?
7
What is the value of (25 - 20 - (-12 - 1)) + -4?
14
(-10 - -4) + 11 - (0 + -1) - 1
5
What is (4 - 4 - (-8 + -3)) + -7?
4
Evaluate (-3 - 1) + (-1 - -4 - (73 + -66)).
-8
Calculate (8 - 2) + -13 + 23 + (3 - 3).
16
-19 + (16 - 1) + -12
-16
Calculate 4 + -4 - (76 + -70).
-6
What is the value of -9 + 2 - (10 + -22) - 10 - 12?
-17
-2 + -5 + (-25 - (-8 - 10))
-14
What is -2 + 1 - -2 - -4?
5
What is the value of (-14 - -2) + (-17 - (-2 + -24))?
-3
Evaluate (-2 - -28) + 123 + -137 + 10.
22
What is (-1 - -2 - (14 + 8 - 16)) + 26?
21
Evaluate 1 + 0 + 6 + -30 + 2 + 5.
-16
-3 + (6 - -6) + -20 - 2 - -10
-3
Calculate (-10 + 2 - -2 - -13) + 2 + -2.
7
Calculate -23 - (10 + -41) - (23 + 1).
-16
What is the value of -20 + (7 + (-6 - -14) - 12)?
-17
-5 - (3 - (-10 - -8) - (0 - 1))
-11
Evaluate 1 + (8 + (-12 - (-2 + -3)) - 15).
-13
-5 + 12 + -8 + -4 - (-7 - -6)
-4
26 - (54 + -12) - 4
-20
What is -30 + 23 + 0 + 8?
1
What is the value of -9 + 9 - 3 - -7?
4
What is -32 - (-5 - (-24 + 28))?
-23
Evaluate -26 + 12 + (-2 - -8).
-8
What is the value of (11 - (3 - 2)) + -9?
1
Calculate -2 + (-2 - -3) - (-32 - -29) - 13.
-11
What is (-2 + 2 - (2 + -9)) + -20 + -8?
-21
What is -1 - -14 - (0 - (1 - 6))?
8
Calculate 4 - (-1 + -3 + 11 + -13).
10
Calculate 4 + -6 + 0 + 7 + (4 - -1).
10
What is the value of 14 + 31 + -53 + 7?
-1
Evaluate 17 + (9 - 39) + (1 - 4).
-16
Calculate 10 + -25 + (3 - (-3 - -3)).
-12
What is (24 - 1) + (-72 - -28)?
-21
Evaluate -5 + (22 - 10 - 24 - (5 + -1)).
-21
18 - (7 + -4) - (-13 + 23)
5
Evaluate 57 + -60 + 12 + 4.
13
Evaluate 6 + -2 + -2 - (-3 - -1 - 15).
19
What is the value of 3 + -1 + (1 + (2 - 8) - 1)?
-4
290 + -300 - (0 + -9 - (-2 + 4))
1
What is (-17 - 0 - -17) + 10?
10
-8 + 10 + -4 + -3 + (3 - 0)
-2
Calculate 12 - (20 - (10 + -9)).
-7
What is 18 + (-11 - (8 + -20) - -8)?
27
Evaluate -6 - (2 + -15 - 2).
9
What is the value of -25 - -32 - (-3 - 1)?
11
Evaluate 27 - 13 - (18 - -5).
-9
Evaluate (4 - -2) + (38 - 21) + -26.
-3
(2 - 0) + (4 - 22) - (6 + -11)
-11
Evaluate 7 - ((0 - -12 - 3) + -19).
17
Evaluate -10 - (-10 - -2) - (-1 + 1 - 6).
4
Calculate -2 + -20 + 13 + (-3 - -3) + -4.
-13
-13 + 23 + -19 + 16 + -6
1
Calculate (-2 - (1 + 1)) + (9 - 9) + -5.
-9
Calculate (-12 - -5) + 4 - (0 + -7 - -5).
-1
What is the value of 23 - (-3 - (-31 + 3))?
-2
-16 + 16 - 13 - -20
7
Calculate -35 - -34 - -25 - 0.
24
What is (9 - 1) + 218 + -219?
7
What is -1 - ((35 - 48) + (13 - 1))?
0
(-2 - 4) + 3 + -1 - (-353 + 345)
4
What is the value of 0 + 1 + 10 - (36 + -14 + -20)?
9
Calculate 33 + -5 + -14 - 12.
2
What is (-2 - (0 - 0)) + 17 - (2960 + -2966)?
21
Evaluate -66 - -7 - (-58 - -21).
-22
Calculate 13 - (-16 + 44 + -29).
14
Calculate 1 + -12 + 15 + 11.
15
What is 3 + -2 - (15 - (27 - 8))?
5
What is (-9 - (11 + -16)) + 8?
4
What is -6 - (2 - -5 - 12) - 4?
-5
What is the value of (-7 - (1 - 5) - -1) + 0?
-2
Calculate -16 + (7 - ((-61 - -17) + 4)).
31
-19 + (5 - -11) - 23
-26
Calculate 4 + 0 + 4 + 6 + -2.
12
Evaluate 3 - ((12 + -8 - -3) + -3).
-1
Calculate -7 + (20 - 0 - 6) + -7.
0
What is (-20 - (5 - (6 - -10))) + -2 - 7?
-18
-1 + (1 + -13 - -2) + 20
9
What is 2 + 7 + 11 + -9 + 2?
13
What is (22 - 0) + (-28 - -17)?
11
What is the value of -2 - (3 + -2 - (2 + -3 - 12))?
-16
13 + -47 - -26 - (-45 - -2)
35
(-22 - -34) + -20 - 8
-16
What is the value of (51 - -5) + (-10 + 15 - 23)?
38
Evaluate (0 - 22) + 17 + 20.
15
8 + 2 + 2 + 2 + -6
8
Evaluate 191 + -183 + 2 + 1.
11
What is 15 - 27 - ((-6 + 1 - -4) + -5)?
-6
What is the value of 0 + (-7 + 11 + -1 - (0 - -3))?
0
Evaluate 4 - (27 - ((3 - -5) + 1)).
-14
What is the value of 8 - (-12 + -5 + 13 + -1)?
13
What is (70 - 81) + -1 + 9?
-3
Evaluate 4 + 3 - 5 - (2 + -4 - 4).
8
Evaluate -15 + (-19 - -42 - 14).
-6
Evaluate 12 + -7 + (3 - -5) + -2 + -2.
9
Evaluate 6 + -6 + 5 + (26 - (42 - 26)).
15
What is 38 + (24 + -6 - 29)?
27
What is (2 - 3 - 0) + 380 + -385?
-6
Calculate 8 - ((-1 + 0 - -4) + (-324 - -342)).
-13
-6 + (4 + -7 - -8) + (-4 - -12)
7
What is (-41 - (-24 + (0 - -16))) + (1 - 2)?
-34
What is the value of -10 + 4 + 3 + (-9 - -4)?
-8
-16 + 11 + 10 + 1 + 1 + 0
7
What is (-74 - -39) + 22 - (1 + -52)?
38
Calculate -7 + (7 - 7 - -4) + -1 - -3.
-1
What is the value of -20 - (-3 + -2 - 1) - 3 - -6?
-11
Evaluate -20 + -18 + 12 + 30.
4
(-925 - -914) + 1 + -14
-24
-7 + 9 + -2 + -2 - (-11 + 5)
4
What is the value of 4 + 23 - (119 - 100)?
8
Evaluate (-1 + -2 - 6) + (7 - (39 + -24)).
-17
What is the value of -11 + 15 + 5 + (-3 - 4) + -1?
1
(-28 - -3) + -13 + 20 + 5 - -6
-7
Calculate (-870 - -904) + -8 + -1.
25
What is the value of (-3 - 1 - (-3 - -1)) + -45 + 40?
-7
212 + -234 - (2 + -6)
-18
What is -22 + (57 - (26 + 6))?
3
Calculate (552 - 539) + (2 - (1 - 0)).
14
What is 95 + -74 + -32 + 15?
4
What is the value of (24 - (-40 - -76)) + (-2 - -21)?
7
What is -42 + (57 - (67 + -26))?
-26
What is the value of -22 + 26 - (3 - 14 - -3)?
12
What is -7 + -2 + (-9 + 0 - (34 + -45))?
-7
What is the value of 27 - 39 - (-22 - 0)?
10
What is the value of 6 - ((18 - 26) + 22) - (-24 + 1)?
15
What is the value of (-5 - (-2 - 0) - 7) + -3 + 2?
-11
Calculate -10 + (0 - -64 - 37).
17
What is -96 + 92 + (1 + (7 - 3) - 13)?
-12
What is 1 + (8 - -3) + -2 + -19?
-9
What is 60 + -73 + 13 + 1 - (1 + -18)?
18
Evaluate 13 + (11 - (0 - -18)).
6
Calculate (4 - 26) + (-4 - -4) + -5 - -3.
-24
Calculate -1 + 1 - 3 - (-26 - -14 - 3).
12
Calculate 4 + (2 - (-5 + (5 + -2 - -2))).
6
Calculate 1 + -3 - (-1 + 2 + -22 + 23).
-4
Evaluate -12 + (25 - -18) + -14.
17
Evaluate (-12 - -10 - (-10 + -3 + 9)) + -5.
-3
(-1583 - -1571) + (1 + -1 - 1 - -1)
-12
1 + (2 + 18 - -4) + (19 - 25)
19
Calculate 8 - 2 - (-35 + 16 + 24).
1
Calculate -149 + 141 + (27 - 6).
13
2 + 1 - 6 - (1 + -6)
2
What is (1 - -12) + (18 - 19) + -3 + -1?
8
Calculate (9 + -2 - 1 - -3) + (4 - 1).
12
Evaluate 3588 - 3622 - ((-2 - -3) + -4).
-31
Calculate (-191 - -196) + (4 + -2 - -5) + 5.
17
What is the value of (0 - 5) + 10 + -9 + 1?
-3
(18 - (-4 - -3)) + -8
11
Calculate 9 + 1 + -2 + 1 - (105 - 104).
8
(-879 - -897) + (-3 - -1)
16
What is (3 - -8) + -161 + 178?
28
What is -8 + -4 + 8 - (-2 - (1 - 0))?
-1
What is the value of -2 + 6 - ((1 - (-5 + -1)) + -12)?
9
Calculate (7 - 2) + (-8 - 0 - -2) + -9.
-10
What is the value of 1 + 4 + -1 + (-12 - -9) + -16?
-15
Evaluate 4 + -16 + (-9 - -43) + 2.
24
What is 2 + -6 + -2 - (271 - 265)?
-12
What is the value of (-7 + 7 + -21 - 6) + 5 + -5?
-27
What is the value of 45 + -13 + -40 + 23?
15
Calculate (2 - 8) + (1 - (-5 + 1)) + 9.
8
-8 + (2 - -27) + -35 + (-24 - -50)
12
Evaluate -10 - (-3 + 4 + -19) - (27 - 15).
-4
What is the value of 4 + 0 - (-5 - (-15 + 18 - 7))?
5
What is 7 + -6 + 4 + -17?
-12
Evaluate 3 - (-3 + (62 - 55) + -12 + -2).
13
What is the value of 7 - -1 - (6 + -4 + -1 + -4)?
11
What is 8 - (6 - 0 - (41 - (-17 + 50)))?
10
Calculate -3 + (1 - (-11 + 9 + -9)).
9
Evaluate (2 - 1) + (111 - 116) - 11.
-15
1 + (-6 + 2 - (8 - 14)) + 1
4
Evaluate -1 - -2 - (-3 - -1 - (9 - 13)).
-1
What is the value of (-14 - 2) + (8 - -5)?
-3
What is -266 + 288 + (-9 - -2)?
15
What is the value of -15 - (-19 + (-17 - -19))?
2
Calculate -12 - ((5 - 12 - 0) + -8).
3
Evaluate (96 - 91) + (2 + -4 - -3) + -10.
-4
Calculate 1 - 4 - ((-29 - -21) + 1).
4
Calculate -5 + -6 + 18 - (26 + -1).
-18
What is the value of (5 + -19 - (2 + 11)) + 10 + -3?
-20
-22 + 2 + 64 + -53
-9
What is the value of 30 - (11 + 2) - 15?
2
Evaluate (-6 - 0) + -3 + (1 - 6 - -5).
-9
Calculate -3 + 3 + 12 + -7 - (1 + -1).
5
-5 + (7 - (-16 + 7 + (-2 - -2)))
11
What is 4 - -2 - 21 - (58 + -48)?
-25
Evaluate 29 + (-42 - (-24 + 36)).
-25
(-1067 - -1043) + 17 + -2
-9
Calculate 23 + 2 - (47 + -38 - 2).
18
Calculate (2 - 2) + 4 - (226 + -235).
13
Calculate 37 + (25 - 46) - 50.
-